ermine z(76).
936
Let i(g) = 1037742*g - 2075469. What is i(2)?
15
Let d(w) = -w**2 + 123*w + 159507. Give d(466).
-331
Let f(b) = -b**2 + 2573*b + 10262. Determine f(-4).
-46
Let x(k) = 4306*k - 1330646. Give x(309).
-92
Let w(g) = 40*g**2 + 115*g + 240. Determine w(-2).
170
Let q(a) = -1197*a**2 - 52*a + 54. Give q(1).
-1195
Let f(w) = w**3 - 146*w**2 + 3675*w + 25837. Give f(41).
7
Let v(t) = 12*t**2 + 1030*t - 239. Determine v(-86).
-67
Let c(p) = 1101*p - 1220. Calculate c(1).
-119
Let m(r) = -410*r**2 - 2461*r - 2. Give m(-6).
4
Let m(y) = y**3 - 13*y - 110. Give m(6).
28
Let k(s) = 1919*s - 262941. Calculate k(137).
-38
Let p(y) = -58032*y + 1334669. Give p(23).
-67
Let a(u) = -7*u**3 - 25*u**2 + 11*u - 27. Calculate a(2).
-161
Let m(v) = v**3 - 493*v**2 - 1030*v + 748825. Determine m(492).
1
Let a(j) = -4490*j + 161474. Calculate a(36).
-166
Let t(c) = -17*c**2 + 5047*c - 19322. Determine t(293).
16
Let b(q) = 473*q + 3536. Give b(-8).
-248
Let j(b) = -61*b**2 - 6166*b - 45435. Calculate j(-8).
-11
Let o(t) = 3*t**2 + 79719*t - 16. Calculate o(0).
-16
Let n(y) = 3*y**3 + 126*y**2 + 110*y + 1749. What is n(-41)?
2282
Let l(m) = -50*m**2 + 76*m + 519. Give l(7).
-1399
Let q(n) = -15*n**2 + 3830*n - 243447. Determine q(136).
-7
Let d(u) = -190*u**2 - 168*u + 169. Determine d(1).
-189
Let x(v) = 15*v**2 - 16*v - 36. What is x(-3)?
147
Let o(v) = -462*v - 28821. Determine o(-62).
-177
Let g(n) = 1827*n - 1293542. Give g(708).
-26
Let j(i) = -2*i**3 + 11*i**2 + 4085*i - 28351. Give j(7).
97
Let x(f) = -2534*f + 5236. Determine x(2).
168
Let k(n) = -120*n**3 + 1082*n**2 + 2*n + 23. Give k(9).
203
Let l(w) = w**3 + 16*w**2 - 310*w - 130. Give l(12).
182
Let f(b) = -b**3 - 72*b**2 + 281*b + 9899. Determine f(-74).
57
Let r(w) = w**2 - 20*w - 264. What is r(-11)?
77
Let k(c) = -28917*c - 124. Calculate k(0).
-124
Let k(z) = -52*z**2 - 1196*z - 210. Determine k(-23).
-210
Let w(m) = -2*m**3 - 102*m**2 - 252*m - 12414. What is w(-51)?
438
Let n(v) = 16*v**2 - 216*v + 566. What is n(10)?
6
Let m(c) = -296*c - 101641. Calculate m(-343).
-113
Let l(b) = 31*b**2 - 12373*b - 10783. Determine l(400).
17
Let g(z) = 71148*z - 355751. Determine g(5).
-11
Let u(g) = -116*g**3 - 10*g**2 - 2*g + 9. Determine u(-1).
117
Let l(y) = 2937*y - 20131. Give l(7).
428
Let v(h) = 65355*h - 980328. Determine v(15).
-3
Let c(m) = 8971*m + 170428. What is c(-19)?
-21
Let j(f) = -216*f**2 + 1943*f + 18. Give j(9).
9
Let h(v) = 12*v**3 - 4*v**2 - 336*v - 65. What is h(0)?
-65
Let f(l) = -211*l**3 - 116*l**2 - 103*l + 15. Calculate f(-1).
213
Let g(r) = -12*r**3 + 45*r**2 + 55*r - 22. Give g(3).
224
Let t(m) = 62*m**2 + 1570*m + 238. Give t(-24).
-1730
Let k(y) = y**2 + 541*y - 7013. Determine k(13).
189
Let u(k) = -133*k + 12236. Calculate u(97).
-665
Let b(x) = x**2 - 2728*x - 150199. Give b(-54).
29
Let w(i) = 29158*i + 1078888. Determine w(-37).
42
Let a(w) = w**3 - 285*w**2 - 823*w - 12010. What is a(288)?
-202
Let o(g) = 2160*g**2 - 95047*g + 320. Calculate o(44).
12
Let m(s) = -s**2 + 16*s - 171. Give m(-7).
-332
Let x(o) = -o**3 - 8*o**2 + 17970*o + 143796. Give x(-8).
36
Let c(m) = -2*m**3 + 1448*m**2 - 32*m + 23154. Give c(724).
-14
Let r(j) = 5*j**2 + 3828*j - 38314. What is r(10)?
466
Let s(c) = 2*c**3 - 142*c**2 - 6*c - 9936. What is s(72)?
0
Let a(j) = 243265*j - 2189381. What is a(9)?
4
Let u(m) = 4031*m - 2704809. Determine u(671).
-8
Let n(o) = 3*o**2 - 3290*o + 16384. Give n(5).
9
Let a(s) = -s**3 - 117*s**2 + 253*s - 792. Determine a(-119).
-2577
Let k(n) = -93*n**2 - 22337*n - 26282. Give k(-239).
8
Let x(k) = 16*k**3 + 382*k**2 - 39*k - 217. Determine x(-24).
-433
Let o(y) = 21*y**2 - 2740*y + 7027. What is o(128)?
371
Let z(j) = -57*j - 1876. Calculate z(-5).
-1591
Let p(n) = -37778*n - 944459. Determine p(-25).
-9
Let b(h) = -11043*h + 121396. What is b(11)?
-77
Let b(p) = -374*p + 3149. What is b(9)?
-217
Let c(h) = -7*h**2 - h - 138. What is c(-11)?
-974
Let z(o) = 5*o**3 + 148*o**2 - 6809*o - 383. Determine z(25).
17
Let j(z) = 5*z**2 - 1361*z - 2737. Give j(-2).
5
Let f(q) = 11*q**2 - 30711*q + 336482. Determine f(11).
-8
Let v(m) = 8*m**2 - 16149*m + 32297. Give v(2).
31
Let i(z) = 2*z**3 - 31*z**2 + 161*z - 26. Give i(6).
256
Let q(i) = 10*i**2 + 301*i - 2789. Calculate q(10).
1221
Let x(n) = n**3 + 45*n**2 + 133*n + 241. What is x(-40)?
2921
Let z(p) = -18924*p - 94933. Give z(-5).
-313
Let c(q) = 2*q**3 + 1540*q**2 - 1526*q + 12325. Calculate c(-771).
-11
Let n(w) = 47724*w - 2481689. What is n(52)?
-41
Let k(d) = 6*d**3 - 40*d**2 + 109*d - 293. Give k(5).
2
Let h(k) = -k**3 + 20*k**2 + 348*k + 908. Determine h(-14).
2700
Let n(k) = 2*k**3 + 243*k**2 + 67*k - 187297. Determine n(-114).
5
Let z(p) = -4*p**3 - 149*p**2 - 1388*p - 4. What is z(-18)?
32
Let m(w) = -197921*w**2 + 989610*w - 21. Calculate m(5).
4
Let o(s) = s**2 + 25894*s - 77701. What is o(3)?
-10
Let c(d) = -2087*d - 525874. What is c(-252)?
50
Let c(s) = 689*s + 6736. Calculate c(-7).
1913
Let n(f) = f**3 + 110*f**2 - 2635*f - 3042. Give n(-130).
1508
Let z(p) = 30392*p - 243420. What is z(8)?
-284
Let d(z) = -z**3 + 60*z**2 - 677*z + 11116. Calculate d(51).
-2
Let r(k) = k**3 - 6*k**2 - 2299*k + 13716. Give r(6).
-78
Let j(b) = 766*b**2 - 16832*b - 119. Give j(22).
321
Let r(u) = u**3 - 35*u**2 - 154*u - 45. What is r(39)?
33
Let x(a) = 20*a**2 + 5*a + 11. Determine x(4).
351
Let o(t) = -34*t**3 + 9*t**2 + 49*t - 71. What is o(-5)?
4159
Let i(v) = -5042*v - 2203353. Give i(-437).
1
Let o(l) = -1933*l - 23160. What is o(-12)?
36
Let f(m) = -2*m**3 + 20*m**2 + 54*m - 545. What is f(14)?
-1357
Let p(u) = -184*u + 4466. What is p(18)?
1154
Let f(k) = -6*k**3 + 5*k**2 - 29*k + 67. Determine f(3).
-137
Let z(g) = -272*g + 59797. Calculate z(226).
-1675
Let c(l) = -l**3 + 71*l**2 - 123*l + 8724. Determine c(71).
-9
Let v(i) = 4*i**3 - 12*i**2 - 50*i + 130. Give v(-4).
-118
Let m(k) = -8161*k + 1175204. Give m(144).
20
Let c(x) = -x**3 - 517*x**2 + 5810*x + 451. Give c(-528).
-605
Let w(d) = -6*d**2 + 60*d + 199. What is w(-8)?
-665
Let y(n) = -606*n - 11309. Give y(-25).
3841
Let y(j) = -14*j**2 - 240*j + 4796. Determine y(-29).
-18
Let l(d) = -877111*d - 2631351. Determine l(-3).
-18
Let x(j) = 154*j**2 - 477*j + 51. Determine x(3).
6
Let m(o) = -5*o**3 - 14*o**2 + 33*o - 15. What is m(-5)?
95
Let p(b) = 1544*b + 427688. Give p(-277).
0
Let u(i) = -1349081*i - 10792657. What is u(-8)?
-9
Let u(z) = -9*z**2 - 128*z + 236. What is u(-17)?
-189
Let d(m) = 455*m**2 - 1639*m + 959. Determine d(3).
137
Let o(l) = l**3 + 49*l**2 - 4*l - 472. Determine o(-49).
-276
Let n(j) = 3*j**3 - 24*j**2 - 81*j + 268. Calculate n(-6).
-758
Let h(t) = -3*t**2 + 230*t + 1049. Determine h(83).
-528
Let v(d) = 5*d**2 + 232*d + 350. What is v(-51)?
1523
Let k(x) = x**3 - 684*x**2 + 4134*x - 401. What is k(6)?
-5
Let b(t) = -14*t**3 - 57*t**2 + 45*t + 3. Calculate b(2).
-247
Let d(n) = 28336*n + 198234. Give d(-7).
-118
Let y(a) = -11*a**3 + 78*a**2 - 72*a + 457. What is y(7)?
2
Let a(z) = z**3 + 7*z**2 - 1510*z + 8391. Calculate a(32).
7
Let z(m) = 69983*m + 490097. Give z(-7).
216
Let y(b) = -11354*b - 159432. Determine y(-14).
-476
Let s(i) = 2*i**3 - 39*i**2 - 30*i - 54. Calculate s(22).
1706
Let q(i) = -2*i**3 + 245*i**2 - 227*i + 12831. What is q(122)?
21
Let h(q) = -634*q - 15948. Determine h(-25).
-98
Let s(y) = 3*y**3 - 2893*y**2 + 1281*y - 305594. What is s(964)?
-6
Let g(z) = 2*z**2 - 62*z + 973. Determine g(14).
497
Let c(r) = r**3 + 67*r**2 - 463*r + 4049. What is c(-74)?
-21
Let u(h) = 1040*h + 41814. Determine u(-37).
3334
Let y(z) = -5*z**2 - 1291*z + 3858. Determine y(3).
-60
Let n(l) = l**2 + 359635*l + 76. Determine n(0).
76
Let u(p) = 4001*p - 14108. Give u(3).
-2105
Let j(d) = 6*d**2 + 11369*d - 358253. Determine j(31).
-48
Let u(m) = -5*m**3 + 147*m**2 - 620*m + 48. What is u(5)?
-2
Let o(c) = -3*c**2 + 2938*c + 598062. What is o(-173)?
1
Let a(c) = c**2 - 208*c + 8557. What is a(59)?
-234
Let k(r) = 115*r**2 - 15*r - 10. Give k(3).
980
Let y(a) = -462*a**2 + 1780*a - 34. What is y(2)?
1678
Let f(p) = 3837*p**2 + 23019*p - 32. Determine f(-6).
-14
Let i(w) = w**3 - 86*w**2 + 81*w - 397. Calculate i(85).
-737
Let v(h) = -76*h - 7121. Determine v(-91).
-205
Let u(y) = 14*y**3 + 36*y**2